**3 - d**2 + 2*d + 1. Suppose 7*n = 12*n + 5. Let o be f(n). Suppose 288 = 2*v - y, -o*v + 539 = 2*y + 93. What is the units digit of v?
6
Let w(d) = 2*d**2 + d - 3. Let m be w(-2). Let i(p) = -17*p**2 + 3*p - 11. Let c(q) = -q - 1. Let r(l) = 2*c(l) - i(l). What is the hundreds digit of r(m)?
1
Suppose 0*l + 4200 = 41*l - l. Suppose 4*g - 4*v + 236 = 0, 102 = -4*g - 2*v - 104. Let p = g + l. What is the tens digit of p?
5
Let i(u) = 276*u - 7 + 311*u - 613*u. Let f be i(-2). Suppose -f*a - 10 = -47*a. What is the units digit of a?
5
Let q(s) = -s**2 - 11*s + 19. Let z be q(0). Let v(r) = r**3 - 19*r**2 + 14*r + 27. What is the hundreds digit of v(z)?
2
Let q(j) = -69*j**2 - 8*j - 7 + 63*j**2 + 5*j**3 - 6*j**3. Let i be q(-8). Let h = i - 98. What is the tens digit of h?
8
Let s(a) = 338*a + 2304. What is the hundreds digit of s(20)?
0
Let r = 21490 + -17449. What is the thousands digit of r?
4
Suppose -303*c = -1215026 - 1786385 + 512569. What is the thousands digit of c?
8
Suppose 3*r - 93 = 3*u + 69, 0 = -4*u - 20. Suppose 0 = -7*m + 1232 - r. What is the hundreds digit of m?
1
Let x(b) = -b**3 + 13*b**2 + 14*b + 4. Let o be x(14). Let k be o/1*(-7)/(-4). Suppose 3*f = -5*l + 158, -l - k*f + 3*f = -35. What is the tens digit of l?
3
Suppose -2*l = 10, -3*o + 35139 = -2*l - 32983. What is the units digit of o?
4
Let l(h) = h**2 + 10*h + 2. Let a be l(-10). Suppose 0 = -5*c + a*c + 396. What is the units digit of c?
2
Let v(f) = f + 2*f**2 - 1 + 6*f - 3*f. Suppose -168*d + t = -166*d - 13, -3*d = 4*t - 3. What is the units digit of v(d)?
9
Let h(d) = 27*d + 5. Let n(v) be the first derivative of 27*v**2/2 + 4*v + 16. Let x(y) = -3*h(y) + 4*n(y). What is the tens digit of x(2)?
5
Suppose -3*k + 2*m + 17201 = -472, 2*k + 5*m - 11801 = 0. What is the tens digit of k?
9
Suppose 2*s + 10 = -5*x + 16, -5*x = -2*s + 26. Suppose -13*n = -s*n - 1180. What is the tens digit of n?
3
Let c be 165/22 - (-28)/(-8). What is the thousands digit of -8 - (c - (1043 + 0))?
1
Let k(t) = -t**3 - 21*t**2 + 17*t + 32. Suppose -145 - 51 = -3*f + 4*l, 282 = 4*f + 5*l. Let q be f/(-4) + -3 - 2. What is the tens digit of k(q)?
4
Let h be -1062*(4 - (1 + (-4)/(-1))). Suppose -2*m + 2257 = -c, 3457 = 4*m - 3*c - h. What is the thousands digit of m?
1
Let d(m) = 348*m + 7*m**2 + 31 + 11*m**2 - 363*m. What is the units digit of d(4)?
9
Let i = 92 - 92. Suppose -3*h + 332 + 166 = i. What is the hundreds digit of h?
1
Suppose -3*h - 9*h + 1102080 = 16*h. What is the hundreds digit of h?
3
Suppose -39*q = -45*q + 84. What is the tens digit of 2/q + 87054/231?
7
Suppose -s - 4*x + 1497 = 0, 5*x + 682 = -s + 2182. What is the tens digit of s?
8
Let g(f) = 115*f - 2. Let b be g(2). Suppose -5*a - b = -6*a. Suppose 2*i - 285 = -3*i - 4*p, 0 = 4*i + p - a. What is the units digit of i?
7
Suppose 2*x = 4*x + 11*x - 15977. What is the hundreds digit of x?
2
Suppose -2*o - 8 = 5*w, -17 = -4*w - 1. Let i be o/14 - ((-6)/(-2))/(-1). Suppose 55 = -i*h + 4*h - 3*c, -h - 3*c = -41. What is the units digit of h?
2
Suppose 122*m - 455040 = 90*m. What is the thousands digit of m?
4
Let q(c) be the third derivative of 29*c**4/24 - 49*c**3/6 + 9*c**2 - c. What is the hundreds digit of q(9)?
2
Let g = 31012 + -4200. What is the tens digit of g?
1
Suppose 15*l - 11*l - 1488 = 0. Suppose 3*u + 3*u - l = 0. Suppose 4*i + 78 = 5*v, 5*v - 2*i = -6*i + u. What is the units digit of v?
4
Let s(f) = 14*f**3 + 9*f**2 + 10*f - 12. What is the hundreds digit of s(5)?
0
Let k be 2941/2 + (-26)/(-52). Suppose 2*f + l - 591 = 0, -f + 4*l = 4*f - k. What is the units digit of f?
5
Let x(d) = 65*d**2. Suppose 17*z - 16*z - 1 = 0. Let k be x(z). Suppose 0 = -l - 3*i + k, -4*l + 125 = -2*l + 5*i. What is the units digit of l?
0
Suppose 4*m = -0*m - 228. Let r = 207 + m. Suppose r = 3*v - 60. What is the units digit of v?
0
Let s = 184 + -172. Suppose -5*n = -s*n + 154. What is the tens digit of n?
2
Let j(x) = 652*x**3 - 2*x**2 + 50*x - 107. What is the hundreds digit of j(3)?
6
Suppose 3*j + 6498 = 2*b, 0 = 5*j - 6*j + 4. Suppose -5*n + 8*n = b. What is the hundreds digit of n?
0
Suppose -85*n + 37*n = 2*n - 608200. What is the hundreds digit of n?
1
What is the tens digit of (-33)/(-308)*-4 - 31384/(-7)?
8
Suppose -d = 2, 4*k - 2*d + 115 = 79. Let j(q) = 3*q + 11 + 15 - 5*q. What is the tens digit of j(k)?
4
Let g(l) = -6*l**3 - l**2 + l + 4. Let o be g(-3). Suppose 8*m = -o - 1614. Let c = m + 414. What is the tens digit of c?
9
Suppose -y + 4*f + 14159 = 0, 8*y - 8*y = 4*f. What is the ten thousands digit of y?
1
Let x be (56/(-18))/4 - 2/9. What is the units digit of 221 + 0 + x + 5 + -3?
2
Let f = -455 - -705. What is the units digit of f?
0
Suppose -8*y - 5*y = -39. What is the hundreds digit of ((-453)/5)/(y/15*-1)?
4
Suppose 388*u = 385*u + 39. Suppose 15*r = u*r + 2020. What is the tens digit of r?
1
Let g(w) = 72092*w**2 + 270*w - 267. What is the ten thousands digit of g(1)?
7
What is the units digit of 182/(1060/264 - 4) + (-12 - -5)?
5
Let t = -224 + 240. What is the units digit of (1 + (-3848)/t)/((-3)/6)?
9
Let o(z) = z**3 - 16*z**2 + 6*z - 7. Let i be o(16). Let k = 23 + i. What is the hundreds digit of k?
1
Let o(a) = a**2 - 3*a - 15. Let n be o(-4). Let q = 560 - n. What is the tens digit of q?
4
Suppose 4*w = k - 7199, -43*k - 8*w + 21577 = -40*k. What is the tens digit of k?
9
Suppose -2102 + 79358 = 12*u. What is the units digit of u?
8
Suppose -3758594 = -354*f + 25033288. What is the units digit of f?
3
Suppose 0*k - 3*k + 5*s + 989 = 0, 3*s = 5*k - 1659. What is the thousands digit of 92/(1017/k + -3)?
1
Suppose -7*u + 51996 = s, -1221*s + 1223*s - 2*u = 103912. What is the ten thousands digit of s?
5
Let m be (-1 + 3)*(1 - 0). Let l = -652 - -656. Suppose l*x - 70 = m*x. What is the tens digit of x?
3
Suppose 6*n + 2251*m - 560352 = 2248*m, -m - 373580 = -4*n. What is the ten thousands digit of n?
9
Suppose -187*m = -52*m - 149101 - 108749. What is the hundreds digit of m?
9
Let d = 8090 - 4554. Let q = -2472 + d. What is the thousands digit of q?
1
Suppose 0 = 2*n - 2*l - 66404, 5*n + 410*l - 413*l - 165994 = 0. What is the ten thousands digit of n?
3
Suppose -2*z = 3*u - 87, -5*u + 59 + 86 = -2*z. Suppose 5*a + 3*p = p - u, -p + 13 = -3*a. What is the tens digit of 2 + (-4 - a) - -108?
1
Suppose b + 12 = 2*b. Suppose -b = 4*m + 4*x, 3*x + x + 12 = m. Suppose m*j - 474 = -6*j. What is the units digit of j?
9
Suppose -f + 4*o = -2*f + 1868, -f = 2*o - 1864. Suppose -25*g + f = -15*g. What is the tens digit of g?
8
Suppose 5*t - 33 = 107. Let o = 941 - 868. Let v = o - t. What is the units digit of v?
5
Suppose -5*s + 9534 = 3*p, -5*s + 3*p = -8*s + 5724. What is the units digit of s?
5
Suppose h - 4*h + 13334 = -5*n, -5*n + 25 = 0. What is the hundreds digit of h?
4
Let a(d) = 182*d**2 + 98*d + 1. What is the ten thousands digit of a(-9)?
1
Let l(h) = -h**3 - h**2 + 7. Let k be l(0). Suppose 2*f + k = r - 3, 4*f + 16 = 0. Suppose -2*t - r = 0, 5*w = -0*w + t + 1081. What is the tens digit of w?
1
Suppose 2*s + 2 = 8, 4*w - 4*s = 892. What is the tens digit of w?
2
Suppose -2194*z + 138375 = -2187*z - 2283. What is the thousands digit of z?
0
Suppose 77*x + 78*x = 152*x + 245766. What is the tens digit of x?
2
Let v = 98 + -18. Let p = v + 318. What is the units digit of p?
8
Suppose -80 + 12 = -b. Let z = b - 115. Let r = 14 - z. What is the tens digit of r?
6
Let p(k) = -12*k**3 + 2*k**2 - 4*k - 8. Suppose 28 - 8 = -10*x. What is the hundreds digit of p(x)?
1
Let j(s) = -4*s - 46. Let k be j(-12). Suppose 2*u - 3334 = -4*q, -1692 = -k*q - 6*u + 10*u. What is the hundreds digit of q?
8
Let x be (-1)/(3/(-264) + 0). Let a be 3005/(-25) + (-11)/(-55). Let i = x - a. What is the tens digit of i?
0
Suppose -1269 = -5*i + 271. What is the tens digit of 7028/i - ((-9)/(-11) + -1)?
2
Let s = 11478 - 7706. Let b = -2624 + s. What is the thousands digit of b?
1
Suppose 0 = -4*i - 2*k + 34, -4*i - k = 2*k - 33. Let s(g) be the second derivative of g**4/12 - g**3/2 - 8*g**2 - 2*g. What is the tens digit of s(i)?
3
Suppose -2 = 2*p, -2*k + p + 1 = 4*p. Let z(h) = 5*h - 24*h**k - 29*h**2 + 54*h**2 - 2*h. What is the tens digit of z(6)?
5
Suppose 0 = 5*t - 0*a - 3*a + 105, 3*t - a + 67 = 0. What